w - 1. Let n(y) = y + 3. Let f be n(-11). Let o = f - -9. What is the tens digit of z(o)?
1
Let u = 9 + -14. Let d = 12 + u. Let q = d + -3. What is the units digit of q?
4
Suppose -8605 = -11*u - 1873. What is the hundreds digit of u?
6
Suppose -12 = 6*w - 30. Let k be ((-16)/w + 1)*-3. Suppose k*c - 592 = 5*c. What is the tens digit of c?
7
Suppose 3*c - 2073 = -3*x, -5*c - x - 2*x = -3461. What is the tens digit of c?
9
Let d(v) = v**2 - 11*v - 5. Let u be d(13). Let p = u - 19. What is the units digit of p?
2
Suppose -20*q = -14*q - 2310. What is the hundreds digit of q?
3
Let q = 10 - 6. Suppose 0 = 3*u - q*u + 11. Suppose 12*k + u = 13*k. What is the units digit of k?
1
Let z = 115 + -113. Suppose -2*k + 168 = z*w, -3*w = -0*k - 2*k + 193. What is the tens digit of k?
8
Suppose 4*k - 23295 = -11*k. What is the units digit of k?
3
Let d(m) = -2*m - 3. Let j(n) = -4*n - 5. Let s(y) = 10*d(y) - 6*j(y). Suppose a - 12 = -3*r, 2*r - 4*a + 6 = -0. What is the units digit of s(r)?
2
Suppose 2*s = 4*j + 6, -2*j - 21 = -3*j + 5*s. Let v(r) = 6*r**2 + 4*r + 5. What is the tens digit of v(j)?
8
Suppose -36*m = -22*m - 50232. What is the units digit of m?
8
Let o be (-6)/(-3) + 1/1. Suppose 116 = 3*d + 5*l, -4*d - l = -o*l - 146. What is the tens digit of d?
3
Let t(f) = 2*f**2 + 6*f - 6. Let u be t(-5). Let v be u/8 + 7/28. Suppose 0*q + 62 = v*y + q, y - 4*q - 31 = 0. What is the units digit of y?
1
Let n = 951 + 115. What is the tens digit of n?
6
Suppose 3*d + 10 = 5*v, -2*d + 10 = 3*v + 4. Let q be (v - 5) + 18/3. Suppose 3*p - 25 = -5*y, 4*y - 25 = q*p + 22. What is the units digit of y?
8
Let z = 36 - 41. What is the units digit of 1120/(-168)*(-1 - (-49)/z)?
2
Let w(r) = -12 + 2*r + 10 + 10*r + 4. Let g be w(16). Suppose -4*o = -g + 66. What is the units digit of o?
2
Let n(m) = -9*m**3 - 15*m**2 + 4*m - 11. What is the hundreds digit of n(-7)?
3
Let d(r) be the third derivative of r**6/120 - 11*r**5/60 + 19*r**4/24 + r**3 - 14*r**2. What is the units digit of d(9)?
5
Let z = 16 + -9. Suppose 0 = -5*x + 5*n + 60, -2*n - 59 = -2*x - z*n. Suppose x + 3 = 4*b. What is the units digit of b?
5
Suppose -3*c - 2*c = 5*l - 35, 16 = 4*c. Suppose 6*w + 3*q = w + 440, 5*w = l*q + 440. What is the units digit of w?
8
Let f(c) be the third derivative of -c**5/60 - c**4/2 - 7*c**3/6 + 3*c**2. Let y = -6 - 5. What is the units digit of f(y)?
4
Suppose -2*o + 15 = p, -5*o + 5*p = -76 + 31. What is the units digit of o?
8
Suppose 4*g - 3*j - 12 = 0, -6*g + 3*j = -g - 15. Let d(p) = -2*p**2 + 4*p - 4. Let n be d(g). What is the units digit of 25/n*8/(-20)?
1
Let g = 48 - -37. Suppose -4*j + g + 27 = 0. Suppose -m + 5*m - j = 0. What is the units digit of m?
7
Let z(n) = -n**3 - 5*n**2 + 2*n + 4. Let g(f) = 5*f**3 + 26*f**2 - 11*f - 20. Let w(t) = 2*g(t) + 11*z(t). What is the units digit of w(-5)?
4
Let f = -207 + 250. What is the units digit of f?
3
Suppose 3*u = -0*u + 633. Suppose 3*t + 58 - u = 0. What is the tens digit of t?
5
Suppose -3*f + 19*y - 15*y + 7123 = 0, 2*y + 2375 = f. What is the tens digit of f?
7
Suppose -2*j = 8, -4*m + 4*j + 7 = -41. Suppose -m*x + 135 = -3*x. What is the units digit of x?
7
Suppose 0 = -5*f + 2*g + 17, -4*f + g + 10 = 3*g. Let y(j) = -f + 5 + 2*j - 2*j - 4*j. What is the tens digit of y(-8)?
3
Let d(s) = 100*s**2 - 89*s**2 + s**3 + s - 3 + 0. Let b be d(-5). Let l = 210 - b. What is the tens digit of l?
6
Let q(h) = h**3 - 60*h**2 + 119*h + 26. What is the tens digit of q(58)?
0
Suppose -2402 = -50*v + 2448. What is the units digit of v?
7
Let b be 0/(-65) + (-1 - 2/(-2)). What is the tens digit of -4 + (b - -1) + 198/11?
1
Let p(m) be the second derivative of -1/2*m**3 + 12*m + 1/20*m**5 + 0 + 3/2*m**2 + 13/12*m**4. What is the units digit of p(-13)?
2
Suppose -12 + 1 = -3*n - 4*o, 4*n + 17 = o. What is the units digit of (3 - 2)*125 + (-1 - n)?
7
Let u(y) = 6 + 6*y - 5 - 4. Let o be u(1). Suppose j - o = 26. What is the units digit of j?
9
Let w = 1910 + -1140. What is the units digit of w?
0
Suppose 0 = 12*d - 7*d - 380. Let p be (-8)/12*(-1 + d). What is the tens digit of (p/(-15))/(2/12)?
2
Suppose 0 = -11*m + 26*m - 6615. What is the hundreds digit of m?
4
Let s be (478/4)/(8/32). Suppose -c = 3*k + 149 - s, -4 = 4*c. What is the units digit of k?
0
Suppose -3*g - r + 10 = 0, -4*g + 0*g = -5*r + 12. Let k = 10 - 5. Suppose -3*c = -d - g*d - 90, 0 = -5*c - k*d + 130. What is the units digit of c?
8
Suppose 0 = 2*v + 559 - 163. Suppose -4*t - 3*i + 9 = -32, 2*t + 2*i - 22 = 0. What is the tens digit of v/(-12)*t/3?
4
Suppose 5*k + 75 = 10. Let q = k + 21. Suppose -l + q = -21. What is the tens digit of l?
2
Let u(z) = 5*z**2 + z + 2. Let v = -6 - -4. Let j be u(v). What is the units digit of (j/12 - 1)*6?
4
Suppose 15*z = 61893 + 11772. What is the hundreds digit of z?
9
Let l = -13 - -10. Let p be 6*((-8)/3 - l). What is the units digit of p/(-2 - 0)*-10?
0
What is the units digit of ((-192699)/(-72))/13 + 2/16?
6
Let w(k) = 2*k - 16. Let j be w(8). Let t = 12 + -8. Suppose 5*s - 5 = j, -s = 2*a - t*s - 63. What is the units digit of a?
3
Let c = -2 + 0. Let u(v) = -2*v + 1. Let l be u(c). Suppose -3 + 43 = l*m. What is the units digit of m?
8
Let a(h) be the second derivative of -h**5/20 + h**3/6 + 2*h**2 - 4*h. Let k be a(0). Suppose 0 = -0*s + k*s - 92. What is the tens digit of s?
2
Let o be 1 + 14 + (-2)/(-2). Let p = o - 11. Suppose 0 = 2*x + 3*x + 5*b - 40, -2*b = x - p. What is the tens digit of x?
1
Let i(f) = -f**2 - 9*f - 2. Let m be i(-10). Let a = 8 + -1. Let v = a - m. What is the tens digit of v?
1
Let j be 160/(-6)*18/(-35)*7. Suppose 4*i + j = 2*t - 18, -155 = -3*t + 2*i. What is the tens digit of t?
4
What is the units digit of (16 + -64)*(-24 - 0)?
2
Suppose 0 = -5*n + 15163 + 3482. What is the hundreds digit of n?
7
Let u(s) = -7*s**2 - 3. Let o(n) = -n**2 + n + 1. Let c(h) = 6*o(h) - u(h). Let i(y) = -y**2 + 19*y - 41. Let q be i(17). What is the units digit of c(q)?
6
Let p = -1159 - -1999. What is the tens digit of p?
4
Let h = 167 + 269. What is the units digit of h?
6
Let f(h) = 2*h**2 - 46*h + 2. What is the hundreds digit of f(31)?
4
Suppose 0 = -29*v - 6*v + 49560. What is the thousands digit of v?
1
Suppose 0 = -5*k - 2*s + 6*s + 145, -2*k + 4*s = -58. Suppose t - 4*z - 21 - 6 = 0, t - 5*z = k. What is the tens digit of t?
1
What is the units digit of (3/(18/628))/(19/171)?
2
Let i = 68 + -46. Let j = 6 - i. Let k = j + 22. What is the units digit of k?
6
Let c(w) = -8*w - 10. Let s(g) = 7*g + 9. Let o(r) = -5*c(r) - 6*s(r). Let i be o(-5). What is the tens digit of (i/(-3) - -2) + 28?
2
Let p be ((2 - -32) + -1)*-3. Let t = 299 + -574. What is the units digit of t/p - 2/(-9)?
3
Suppose -7*u + 2058 + 1498 = 0. Suppose u = 4*z - 2*z. What is the hundreds digit of z?
2
Let n(x) = 7*x + 8*x**2 + 0 + x**3 - 6 + 7. Let m = 13 - 19. What is the units digit of n(m)?
1
Suppose 6 = -4*w - 10, 4*w = -2*o + 1508. What is the hundreds digit of o?
7
Let z(j) = -2*j - 4. Suppose 2*u + 10 = 2. Let v be z(u). Suppose -v*n + 4*s = -2*n - 40, 4*n = 4*s + 84. What is the tens digit of n?
2
Let y = 11436 + -5614. What is the thousands digit of y?
5
Let b(m) be the first derivative of -m**4/12 - 4*m**3/3 + 3*m**2/2 + 2*m - 2. Let v(n) be the first derivative of b(n). What is the units digit of v(-7)?
0
Let g(p) be the first derivative of -p**4/4 - p**2/2 + 89*p - 36. What is the units digit of g(0)?
9
Let j(z) = 8*z + 78. What is the tens digit of j(0)?
7
Let d(s) be the second derivative of s**4/12 - s**3/2 - 7*s**2/2 - 4*s. Let m be d(5). Suppose -22 - 11 = -m*x. What is the units digit of x?
1
What is the units digit of ((-21318)/255)/(1/(-5))?
8
Suppose 1895 = -5*v + 10040. What is the thousands digit of v?
1
Let h(d) = 2*d**2 + 2*d. Suppose 2*q + 2*q = -4. Let g be h(q). Suppose 2*m + 16 - 102 = g. What is the tens digit of m?
4
Let p(f) = 104*f + 8. Let s be p(-4). Let r = -245 - s. Suppose 33 - r = -5*u. What is the tens digit of u?
2
Let c(m) = 17*m - m**3 - 33*m - 4*m**2 + 10 + 16*m. What is the tens digit of c(-6)?
8
Let n = 108 - 61. What is the units digit of n?
7
Suppose 0 = -6*a + 2*a. Let x = a + 3. Suppose 2*h + x*h = 135. What is the units digit of h?
7
Let b = 21 - 23. What is the ten